3948)?
3
Suppose 5 = 4*k - 7. Let y(l) = 10*l**2 - 2*l + 4. What is the units digit of y(k)?
8
Suppose -t - 1 = 0, -t + 314 = 3*n - 6*t. What is the tens digit of (-3)/1 + 4 + n?
0
Suppose 2*u = -0*u + 5*k - 16, 5*k = -5*u - 110. Let q be 258/54 - 4/u. Suppose 4*y + q*t - 59 = 0, -3*y + 4*y + t - 16 = 0. What is the tens digit of y?
2
Suppose 12 = -2*c - 0. Let h(r) = r**3 + 6*r**2 - 2*r - 6. Let q be h(c). What is the units digit of (26/3)/(q/27)?
9
Let t = 45 + -82. Let d = 57 + t. What is the units digit of d?
0
Let b(d) be the third derivative of -d**5/60 - 11*d**4/8 - 8*d**3 - 13*d**2. What is the units digit of b(-25)?
2
Let y = -8 + 15. Let q(m) be the first derivative of 3*m**2/2 + m + 29. What is the tens digit of q(y)?
2
Suppose -4*k = 5*k + 441. Let f = 165 - 72. Let x = f + k. What is the units digit of x?
4
Suppose -4*o + 29 = -c, -2*c - o = 4*o + 58. Let v = -4 - c. What is the tens digit of v?
2
Suppose 5*l - 51 = 9. Let s(h) = -h + 9. Let a be s(l). What is the units digit of a*(-1)/(-6)*-74?
7
Suppose 2*f + g = 738, -27*g + 6 = -24*g. What is the units digit of f?
8
Suppose 8 = -2*h + h. Suppose -2*j + 43 + 5 = 0. Let i = j - h. What is the tens digit of i?
3
Suppose 0 = 3*q - 12 + 3. Suppose 2*a = q*a - 267. What is the tens digit of a/7 - (-2)/(-14)?
3
Suppose 8*c + 40 = 10*c. Suppose -2*g + 104 = -c. What is the units digit of g?
2
Let q(k) be the third derivative of -k**5/12 - 5*k**4/24 - 2*k**3/3 + k**2. Let i be q(-2). What is the units digit of ((-540)/(-63))/((-2)/i)?
0
Let i(n) = -2*n - 8. Let f be i(-4). Suppose -j = -f*j - 2*u - 8, -2*u = -3*j + 36. Suppose -3*v + 3*p = 6, 5*p - j = 3*v - 0*v. What is the units digit of v?
2
Suppose -35 = 3*y - 5*i, -5*y = -2*i - 2 + 54. Let f be 20/3 + y/15. Suppose -2*x = -5*v + 13, x - 4 = -3*v + f*x. What is the units digit of v?
3
What is the units digit of 5/((-100)/(-60056)) - (-1)/5?
3
Suppose 0 = -5*w - 4*c + 2502, w + 7*c = 4*c + 496. What is the hundreds digit of w?
5
Suppose 4*d + 9516 = 2*l, 2*l + 21*d = 23*d + 9524. What is the units digit of l?
6
Let h(j) = 14*j. Let z = 23 + -18. What is the tens digit of h(z)?
7
Let l(r) = 4*r**2 + 30*r + 10. Let j be l(-13). Suppose 5*d - j = 154. What is the tens digit of d?
9
Let h = 13 - 15. Let m(a) = -47*a + 3. What is the tens digit of m(h)?
9
Let i = 1576 + 1828. What is the thousands digit of i?
3
Let v(s) = -3*s**2 - 8*s + 8. Let y be v(-7). Let m = 129 + y. What is the tens digit of m?
4
Suppose 2*g = 3*g + 5*j, 0 = g - 3*j. Suppose 2*l = -g*l, 3*l = 5*w - 270. Suppose -3*i + w = -36. What is the units digit of i?
0
Suppose -1560 = -5*d + 5*m, 2*d + 3*d = 3*m + 1560. What is the units digit of d?
2
Let s(z) = z**2 + z + 5. Let v be s(5). Let x = 4 + v. What is the units digit of x?
9
Let t(m) = m**2 + 7*m + 12. Let c be t(-6). Let d be 32/18 - c/(-27). What is the tens digit of 16/40*95*d?
7
Let d = -676 + 921. What is the hundreds digit of d?
2
Suppose 0 = 7*o - 9 - 19. Let q(i) = 17*i - 6. What is the tens digit of q(o)?
6
Let j(b) = 5*b**3 - b**2 - 3*b + 1. Let v be j(2). Suppose -5*u + 341 - v = 0. What is the units digit of u?
2
Suppose 1263*s = 1241*s + 48818. What is the tens digit of s?
1
Suppose -37*k + 7151 = -545. What is the units digit of k?
8
Suppose 0 = 4*t + 2*y - 5122, -2393 = 5*t + y - 8788. Suppose -z - t = -7*z. What is the units digit of z?
3
Suppose -5*h = -2*t + 15, 0 = t - 3*t - h - 3. Let s(a) = 0 + 2*a**2 + 2*a**2 + t. What is the units digit of s(1)?
4
Suppose u - 3*k - 2596 = 432, 5*u - 15230 = -3*k. What is the units digit of u?
3
Let p be 2*(1/2 - 1). Let y(i) = i**3 + i. Let h(m) = m**3 + 3*m**2 + m + 4. Let v(q) = p*h(q) + 6*y(q). What is the tens digit of v(2)?
3
Let i(x) = -x + 3. Let h be i(2). Let t be (h - 2)*(-39 + 9). Suppose 4*o + t - 38 = 0. What is the units digit of o?
2
Let m be (2/4)/((-2)/(-20)). Suppose -4*b = 2*f - 44, 7*f - 2*f = 3*b - 33. Let y = b - m. What is the units digit of y?
6
What is the units digit of 5/10 + -2 - 345/(-6)?
6
Suppose -k + 4*h = 7*h - 838, -4*k = 5*h - 3345. What is the tens digit of k?
3
Let q(r) = 39 + r**3 + 10*r - 3*r**2 - 52 - 9*r**2. Let a be q(11). What is the units digit of 69*(a/(-9) - 2)?
6
What is the thousands digit of (3 + (-20)/5)*-5539?
5
Let x(d) = 42*d - 19. What is the tens digit of x(4)?
4
Let h = 248 - 242. Let r(a) be the first derivative of a**3/3 + a**2/2 - 14*a + 2. What is the units digit of r(h)?
8
Let z be 37/(15/4 - 4). Let y = z + 208. What is the tens digit of y?
6
Let t(l) = -l**2 - 176*l - 8. What is the tens digit of t(-12)?
6
Suppose 6*a - 56 = 562. What is the tens digit of a?
0
Let q = 135 - 132. Suppose 0 = -2*f + f + 2. Let v = q + f. What is the units digit of v?
5
Let c(l) = -l**3 - 15*l**2 - 13*l + 13. Let a be c(-14). Let k be (a - 0)/(1/(-3)). Suppose k*u + 1 = -2*n + 2, 8 = 4*u - 4*n. What is the units digit of u?
1
Let t(u) = 46*u**2 + 36*u + 308. What is the hundreds digit of t(-7)?
3
Suppose -123*z + 129*z - 2016 = 0. What is the tens digit of z?
3
Suppose -3*s + 1911 = 2*a, 0 = s - 20*a + 19*a - 637. What is the units digit of s?
7
Suppose 15*k = -47*k + 23994. What is the hundreds digit of k?
3
Suppose 10*b - 68 = 62. Let g = b + 52. What is the units digit of g?
5
Suppose 9*l = 4*l + 185. Let j = -9 + l. What is the units digit of j?
8
Suppose -n + 2*n = 13. Let g = n + -3. Suppose 4*o - g = 2*o. What is the units digit of o?
5
Let w = -619 - -1179. What is the units digit of w?
0
Let o = -18 + 22. Suppose -6*u + 72 = -o*u. Suppose -u = -p - 5*a, 2*a - 30 + 3 = -p. What is the units digit of p?
1
Let g = 143 + 94. What is the units digit of g?
7
Suppose 0 = 2*d + 4*s + 76, 3*d + 4*s + 68 = -50. Suppose 41*a = 45*a - 5*x + 105, a = -5*x + 5. Let m = a - d. What is the units digit of m?
2
Suppose -20 = -5*y, 0 = -3*v + 7*v + 2*y - 3168. What is the hundreds digit of v?
7
Let o = -82 - -152. Let i = 4 + o. What is the units digit of i?
4
Suppose j - 23 = -2*g - g, -2*j + 4*g - 4 = 0. Suppose 0 = j*i - i - 1533. What is the hundreds digit of i?
2
Let s(u) = 3*u**2 - 13*u - 10. Suppose -2 = -5*r + 33. What is the tens digit of s(r)?
4
Let d(r) = -r**3 + 5*r**2 - 5*r + 12. Let z(s) = s**3 - 5*s**2 + 5*s - 12. Let w(n) = 3*d(n) + 4*z(n). What is the units digit of w(6)?
4
Let j be -9 + 6 - ((-24)/(-1))/1. What is the tens digit of (-3)/((j/(-34))/(-9))?
3
Let x = 482 - 472. What is the tens digit of x?
1
Suppose 2*g - 170 - 376 = 0. Let b = -68 + g. Suppose 5*n + 25 = b. What is the tens digit of n?
3
Let d be (-2)/(-6)*(-8 - -2). Let f be (-17)/3 + d/6. Let a = f + 18. What is the units digit of a?
2
Suppose 179*t - 188*t + 15705 = 0. What is the tens digit of t?
4
Let w(d) = -d**3 + 9*d**2 - 6*d - 10. Let i be w(8). Let p = i + 1. What is the units digit of p?
7
Let n be 2 + 18/10 + 4/20. Let v(m) = 43*m - 8. What is the hundreds digit of v(n)?
1
Let h(l) = l + 14. Let q be h(0). What is the units digit of 1/(-2)*(q + -218)?
2
Suppose -3 + 8 = z. Suppose -4*w = -k - 23, -k = -4*k + z*w - 34. What is the units digit of k - (-20 + -2 - 2)?
1
Let x(c) = -13*c + 22. Let o(j) = 14*j - 23. Let q(i) = -3*o(i) - 2*x(i). What is the hundreds digit of q(-7)?
1
Let b be (-3)/(-2)*4/2. Let k(j) = 5*j + 4. Let t(n) = -5*n - 3. Let u(m) = -6*k(m) - 7*t(m). What is the tens digit of u(b)?
1
Let f(m) = -m**3 - 34*m**2 - 53*m + 7. What is the units digit of f(-33)?
7
Let w = -12 + 210. What is the hundreds digit of w?
1
Suppose 0 = -3*b + u + 4*u + 5, 5*b - 4*u = 17. Suppose -2*x + 11 = -5. Suppose b*s = x*s - 99. What is the tens digit of s?
3
Let s(p) = p**2 - 5*p + 3. Suppose 0 = -2*d - 0 + 12. Let y be s(d). Let f(b) = b**3 - 7*b**2 - 11*b - 10. What is the tens digit of f(y)?
5
Suppose 0 = -q + 3*m + 1968, -4*q + 7872 = 40*m - 43*m. What is the tens digit of q?
6
Let l = -504 + 1155. What is the hundreds digit of l?
6
Suppose 2*s + 26 = a + 3*a, a + 3*s = 3. Suppose -22 = 5*k - a*k. What is the units digit of k?
2
Suppose 4*p - 58 = 106. Let m = p - 35. What is the units digit of m?
6
Let c = -121 + 550. What is the tens digit of c?
2
Suppose 82 = 4*t + 3*p - p, -3*t + 55 = -5*p. What is the hundreds digit of (-620)/6*(-5)/(t/6)?
1
Suppose 23636 = 17*v + 21*v. What is the hundreds digit of v?
6
Let j(c) = 6*c**